of 247 and a?
19
Let k(h) = -5*h. Let l(y) = y**2 - 6. Let w be l(0). Let g be k(w). Calculate the greatest common factor of g and 330.
30
Let d(y) = 1294*y - 5148. Let q be d(4). Let v be (21/(-4))/(6/(-16)). Calculate the greatest common factor of q and v.
14
Let c be (8/6)/((-2)/(-9)). Suppose -6*n = -n - 2*l + 25, 0 = 5*n - l + 30. Let p be 5 - 1/4*(-56)/n. What is the greatest common divisor of p and c?
3
Let m = -3 + 8. Let g(s) = 2*s**2 + 4*s + 32. Let w be g(-6). What is the greatest common divisor of w and m?
5
Let o be (-2 - -2) + (-4 - -3)*-7. Calculate the greatest common divisor of 1603 and o.
7
Let a be ((-7)/3)/((-1)/51). Let v be (-394)/(-5)*(-20)/(-8). Let j = v + -190. Calculate the greatest common factor of a and j.
7
Suppose -5*k - 187 = 4*c, c - 4*k + 52 = -0*c. Suppose 19*p - 207 = 22*p. Let s = c - p. Calculate the greatest common factor of s and 7.
7
Suppose -4*p + 84 = 2*z, 0 = -2*z - 16*p + 19*p + 49. Suppose 7 = -2*x - 2*r + 23, -4*x = r - z. What is the highest common factor of 84 and x?
4
Suppose 14*y + 186 - 774 = 0. Suppose 13*j = 276 - y. What is the greatest common factor of j and 8?
2
Let x be -1 + 6 - -350*9/18. Calculate the highest common divisor of 500 and x.
20
Let s be -1 + (9 - 2) + 1642. Calculate the greatest common divisor of 32 and s.
16
Suppose -6*n = -126 + 78. Suppose -n*u + 7*u + 151 = 4*c, 5*u - 92 = -3*c. Calculate the highest common factor of 624 and c.
39
Let j(u) = -72*u + 17. Let n be j(-2). What is the greatest common divisor of n and 1288?
161
Let c(b) = -13*b**2 - 173*b - 24. Let i be c(-12). What is the highest common divisor of 585 and i?
45
Let s(t) be the second derivative of t**5/20 + t**4/3 + 4*t**3/3 - 11*t**2 + 79*t. Let m be s(4). What is the highest common factor of m and 184?
46
Let y(z) = -z. Let u be y(-1). Suppose 0 = 13*l - 12*l - 13. What is the highest common divisor of l and u?
1
Suppose -6475 - 2941 = -28*x - 2360. What is the highest common factor of x and 2052?
36
Let f(r) = -20*r**3 + 12*r**2 + 27*r - 9. Let g be f(-6). Calculate the highest common divisor of g and 18.
9
Let q = 8 + -3. Suppose 0 = m - 4*m + 5*s - 36, -q*m = 3*s + 26. Let c be m/(-112)*8*(59 - 1). Calculate the greatest common factor of 261 and c.
29
Let h be 109234/14 - (-40)/70. Calculate the greatest common factor of 102 and h.
51
Let y = -2138 - -2424. What is the highest common factor of y and 169?
13
Suppose 3*i = -0*i + 1128. Let d = -21288 + 21296. What is the greatest common divisor of d and i?
8
Let c be 11 + -1 + (1 - -1). Let s = -17304 + 17307. What is the greatest common factor of s and c?
3
Suppose 5*p = -3*n + 447, 9*p - 14*p - 2*n + 448 = 0. Suppose 8 + 64 = 2*y. What is the highest common factor of y and p?
18
Let f be 162/324*(2 - (-116 - 2)). Suppose 0 = v - 0*v - 50. What is the highest common factor of f and v?
10
Let a = 37 + -31. Suppose -45 = -a*s - 9*s. What is the highest common divisor of s and 3?
3
Let d = 344 + -242. Let c be ((-2)/(-30))/(125/24375). Suppose -16*q + d = -c*q. Calculate the highest common factor of 17 and q.
17
Let r(p) = p**3 + 51*p**2 + 34*p - 32. Let h be r(-50). Calculate the highest common factor of 368 and h.
16
Let v = -1956 + 1963. Calculate the greatest common divisor of v and 12817.
7
Let m = -34 - -51. Let y = 31 + m. Let v be (-4)/((-3)/(-54)*-1). Calculate the highest common divisor of y and v.
24
Let g(l) = 20*l**2 - 666*l + 4657. Let x be g(7). What is the highest common factor of x and 429?
39
Let z be 10683/36 + ((-27)/12)/(-9). Let n = -91 - -113. Calculate the highest common factor of z and n.
11
Suppose -7*b - 4*b = 3*b. Suppose -f + 221 - 153 = b. What is the greatest common factor of 102 and f?
34
Let w = -18926 - -19071. Calculate the greatest common divisor of 45385 and w.
145
Let m = 4774 + -4770. Calculate the greatest common factor of m and 3364.
4
Suppose 41 = -p - 33. Let v = -24 - p. Let f be v/6 + 52/(-39). Calculate the greatest common divisor of 63 and f.
7
Suppose -58*k + 6611 + 6033 = 0. What is the greatest common factor of k and 10?
2
Let t = 106 - -95. Let f = t - 89. What is the highest common factor of 7 and f?
7
Let i be (5 + 0 + -3)/(2/64). Let b = i + -38. Let n = 46 - b. Calculate the greatest common divisor of 20 and n.
20
Let p(v) = 112*v + 1428. Let u be p(-12). Suppose 3*a - 265 + 76 = 0. Calculate the highest common divisor of a and u.
21
Suppose -46*h + 2424 = -42*h. Suppose -2*s + 1226 = h. Calculate the greatest common factor of 10 and s.
10
Suppose 0*t - 168 = t - 25*t. Calculate the greatest common divisor of 763 and t.
7
Let y be (-3)/15 + (-9597)/15. Let t = -384 - y. What is the greatest common factor of t and 64?
64
Let y(w) = 3*w**3 - 3*w**2 + 2*w - 8. Let v = 574 - 568. Let l be y(v). What is the greatest common divisor of l and 34?
34
Let u(n) = 112*n**2 + 2*n. Let a be u(-2). Suppose -377*i - 1080 + 4028 = -1576. What is the greatest common divisor of a and i?
12
Suppose 172 = 48*l + 28. Suppose -5*f - 21*v = -26*v - 45, l*v - 33 = -2*f. Let r(y) = y + 4. Let k be r(0). Calculate the highest common factor of k and f.
4
Let a(i) = 3*i**2 + 3*i + 22. Let p be a(5). Suppose -11*o - p = -25*o. What is the highest common divisor of 8 and o?
8
Suppose 44*z = 12248 - 104. What is the greatest common factor of 897 and z?
69
Suppose 5*b + 121 = 3*p - 4, 2*b = -2*p + 94. Suppose -45*l - 293 = -23. Let m be ((-40)/15)/(l/p). What is the highest common divisor of m and 140?
20
Suppose -b = 2*b + 2*s - 81, -2*b = -3*s - 41. Let w be 2 - -20 - -1*8/4. Suppose 29*h - b = w*h. What is the highest common divisor of h and 40?
5
Suppose 768 = -45*w + 57*w. Suppose -6*s + w = 2*s. What is the highest common factor of s and 88?
8
Suppose 0 = -25656*u + 25631*u + 34800. Calculate the greatest common divisor of u and 174.
174
Let o(q) = q**3 - 19*q**2 - 25*q - 20. Let x be o(21). Let h = x + -246. What is the highest common factor of 21 and h?
7
Let w(d) = -8*d**2 + 278*d - 165. Let g be w(34). Calculate the highest common divisor of 14235 and g.
39
Let y = -2269 - -5526. Suppose 0 = 8*t - 143 - y. What is the highest common factor of t and 34?
17
Let l be 8 + (-3 + (1 - -1) - -28). Let w = -11 - -16. What is the greatest common factor of w and l?
5
Suppose 875*y - 425*y - 547*y + 1649 = 0. Suppose 3*b + 0*d = -5*d + 638, 5*d + 25 = 0. What is the highest common factor of b and y?
17
Suppose 8*c - 308 = -52. Suppose 13*s - r = 16*s - 48, 0 = -2*s - 5*r + c. What is the highest common factor of 20 and s?
4
Suppose -l = 2, -3*w + l = -19924 - 60382. Calculate the greatest common factor of w and 112.
112
Let s(q) = 2*q - 14. Let y be s(8). Suppose 2*n - o - 159 = -y*n, -5*o + 45 = n. Calculate the highest common divisor of 180 and n.
20
Let k be (-20)/(-2 - (-396)/189). Let r = -132 - k. Let o = -12 - -18. Calculate the greatest common factor of o and r.
6
Suppose g - 4*z - 1427 = 0, 16*g - 5632 = 12*g - 3*z. Calculate the highest common divisor of g and 249.
83
Let r = 712 - 676. Calculate the highest common factor of 23418 and r.
18
Suppose 42 + 70 = 24*w + 16. Calculate the highest common divisor of w and 64.
4
Let z = -34 + -98. Suppose 0 = 13*p - 6*p + 840. Let g = p - z. What is the greatest common factor of g and 48?
12
Let z = -74 - -165. Suppose -z = -c + 2*r, 3*c + c = 3*r + 384. What is the highest common factor of c and 27?
9
Suppose 33*c - 119*c + 67936 = -96840. What is the greatest common factor of c and 4?
4
Let p be ((-74)/3)/((-6)/18). Suppose 0 = p*n - 80*n + 180. What is the greatest common divisor of n and 9?
3
Let q = 13054 - 12998. What is the greatest common factor of q and 1918?
14
Let a(n) = -n**3 + 7*n**2 - 5*n - 6. Let o be a(4). Suppose o*k - 1007 = 3855. Calculate the highest common factor of k and 39.
13
Let w = -21386 + 21809. What is the highest common factor of 6063 and w?
141
Let p be (0 - 6)*-3*(-76)/(-4). Let y(k) = 13*k**2 + 75*k - 148. Let r be y(2). What is the greatest common divisor of p and r?
18
Let w = 10310 - 8019. Calculate the highest common factor of w and 203.
29
Let s be (-4)/(-16) - 125685/(-140). What is the highest common factor of s and 2?
2
Suppose -7*w + w + 306 = 0. Suppose -5*p + 2*k - 54 = 0, 7*p + 4*k + 42 = 2*p. Let d be 8/3*1/(p/(-765)). What is the 